28. Determine t(-10).
-352
Let d(q) = -5*q**3 + 347*q**2 - 130*q - 503. What is d(69)?
49
Let c(t) = 121*t + 727. Give c(-6).
1
Let l(r) = -102*r + 2133. What is l(21)?
-9
Let x(j) = 187*j - 2257. Give x(10).
-387
Let z(c) = -c**3 + 39*c**2 - 219*c + 696. What is z(33)?
3
Let r(o) = 7*o**2 - 31*o - 36. What is r(6)?
30
Let p(f) = -3453*f + 24159. Give p(7).
-12
Let p(d) = 294*d + 2402. Calculate p(-9).
-244
Let y(p) = -8*p + 129. Determine y(23).
-55
Let u(b) = 356*b - 734. Determine u(2).
-22
Let d(x) = 60*x + 2563. What is d(-42)?
43
Let n(o) = 4*o**3 + o**2 - 26*o + 1. Calculate n(4).
169
Let t(c) = -c**2 - 5*c + 46. What is t(8)?
-58
Let p(t) = 2*t**3 - 86*t**2 + 251*t - 248. What is p(40)?
192
Let z(m) = -120*m - 2168. Give z(-18).
-8
Let a(p) = 22*p**2 - 46*p - 8. Calculate a(6).
508
Let h(r) = -164*r**2 + 3*r - 14. Calculate h(2).
-664
Let r(c) = -60*c - 917. Calculate r(-15).
-17
Let r(i) = 21*i**2 + 52*i + 258. What is r(-5)?
523
Let m(n) = -n**3 + 68*n**2 + 48*n + 1462. Calculate m(69).
13
Let m(o) = o**3 + 4*o**2 + 10*o - 25. Determine m(-6).
-157
Let x(p) = 28*p**2 + 6*p + 7. Give x(0).
7
Let l(p) = 21124*p + 21120. What is l(-1)?
-4
Let o(w) = w**2 + 3*w - 5. What is o(-4)?
-1
Let h(w) = -125*w - 5269. What is h(-42)?
-19
Let b(x) = 9*x**2 - 170*x + 59. What is b(19)?
78
Let s(z) = 16*z**3 + 352*z**2 + 29*z + 634. Determine s(-22).
-4
Let p(u) = -278*u - 487. What is p(-2)?
69
Let h(o) = -o**3 + 12*o**2 + 332*o + 44. Give h(-13).
-47
Let o(l) = 2*l**2 + 1138*l - 15119. Calculate o(13).
13
Let t(y) = -y**3 - 34*y**2 + 109*y - 59. Determine t(-37).
15
Let y(v) = v**3 - 22*v**2 - 103*v + 52. Calculate y(26).
78
Let r(t) = 16*t**2 + 105*t + 104. Give r(-1).
15
Let x(q) = 194*q**2 + 9*q + 8. Calculate x(-1).
193
Let n(f) = 100*f - 1014. Give n(10).
-14
Let h(t) = 650*t - 16890. Determine h(26).
10
Let p(n) = n**3 - 3*n**2 - 36*n + 39. Determine p(1).
1
Let v(q) = 56*q + 1250. Give v(-20).
130
Let b(u) = -5*u**2 - 168*u - 253. Give b(-32).
3
Let f(w) = 15*w**2 + 164*w - 1. Calculate f(-8).
-353
Let t(n) = 3*n**2 + 19*n - 29. Calculate t(0).
-29
Let t(k) = 1815*k - 58092. Give t(32).
-12
Let c(l) = -9*l**3 - 111*l**2 - 39*l - 41. Give c(-12).
-5
Let u(a) = 15*a**3 + 18*a - 42. Calculate u(3).
417
Let j(n) = -873*n - 68106. Determine j(-78).
-12
Let h(g) = -97*g - 677. Calculate h(-7).
2
Let z(p) = 7*p**2 + 943*p - 2189. Determine z(-137).
3
Let u(d) = 597*d + 1209. Calculate u(-2).
15
Let d(y) = -y**3 + 12*y**2 + 26*y - 82. Give d(14).
-110
Let s(q) = 140*q**3 + 2*q**2. Determine s(-1).
-138
Let c(q) = -427*q**2 - 2987*q + 27. Give c(-7).
13
Let n(m) = -2354*m + 2354. Calculate n(1).
0
Let i(l) = l**2 + 19*l - 50. Determine i(-19).
-50
Let d(s) = 2*s**2 - 206*s + 803. What is d(4)?
11
Let v(h) = h**2 + 50*h - 595. Give v(10).
5
Let z(s) = s**3 - 159*s**2 + 315*s - 289. Calculate z(157).
-132
Let h(b) = -b**2 + 25*b + 972. Calculate h(46).
6
Let n(b) = b**3 - 77*b + 73. Determine n(0).
73
Let h(d) = d**3 - 41*d**2 + 77*d + 47. Calculate h(39).
8
Let w(v) = 10*v - 134. Calculate w(12).
-14
Let l(j) = j**3 - 8*j**2 + 60*j - 218. Calculate l(5).
7
Let o(m) = -m**2 + 449*m - 40305. What is o(325)?
-5
Let m(f) = 48*f**2 + 54*f + 106. Give m(-2).
190
Let j(b) = -b**3 + 33*b**2 - 86. Calculate j(33).
-86
Let j(t) = t + 93. Determine j(-58).
35
Let t(i) = 245*i + 4902. Determine t(-20).
2
Let l(o) = 8*o**3 - 394*o**2 + 87*o + 548. What is l(49)?
9
Let b(q) = -129*q + 4130. What is b(32)?
2
Let i(m) = 3*m**2 - 220*m + 2747. Determine i(16).
-5
Let q(y) = 3*y**2 - 25*y + 39. What is q(7)?
11
Let m(z) = -5*z - 117. Determine m(-21).
-12
Let j(i) = -9*i + 106. What is j(20)?
-74
Let l(q) = -q**2 + 2*q - 31. Calculate l(22).
-471
Let b(l) = 20*l - 931. Determine b(52).
109
Let d(v) = v**3 - 20*v**2 + 89*v - 89. What is d(6)?
-59
Let j(x) = -6*x + 180. Calculate j(21).
54
Let g(m) = 2*m**3 + 18*m**2 - 50*m - 23. Calculate g(-11).
43
Let y(m) = -m**3 + 2*m**2 - 16*m + 60. Determine y(3).
3
Let w(i) = 17071*i + 34149. Calculate w(-2).
7
Let f(c) = 37746*c + 264223. Calculate f(-7).
1
Let x(j) = -229*j**2 + 33*j - 14. Determine x(2).
-864
Let p(u) = u**2 - 91*u - 1120. Calculate p(-11).
2
Let p(u) = 137*u - 533. Determine p(4).
15
Let a(u) = 1872*u - 16854. Calculate a(9).
-6
Let z(b) = -b**2 - 19*b + 210. Give z(8).
-6
Let s(m) = -m**3 + 13*m**2 - 21*m + 368. What is s(14)?
-122
Let d(q) = 3*q**2 - 264*q - 6870. Determine d(109).
-3
Let q(u) = u**3 + 5*u**2 - 21*u - 24. Calculate q(-8).
-48
Let y(m) = m**2 + 26*m + 122. Give y(-8).
-22
Let k(s) = -s**2 + s + 493. What is k(-22)?
-13
Let k(c) = c**2 + 10*c - 53. Calculate k(-8).
-69
Let h(u) = -38*u**2 - 2*u - 5. What is h(-2)?
-153
Let w(n) = n**3 - 27*n**2 + 66*n - 2612. Determine w(28).
20
Let z(t) = 371*t + 23684. Calculate z(-64).
-60
Let w(r) = r**2 + 90*r + 930. Give w(-13).
-71
Let r(p) = 4*p**2 - p + 94. Calculate r(-12).
682
Let m(z) = 4*z**2 + 5*z - 103. What is m(-11)?
326
Let o(p) = -p**3 - 17*p**2 - 20*p + 88. Calculate o(-5).
-112
Let l(k) = -80*k + 999. Determine l(14).
-121
Let s(j) = 238*j - 7612. What is s(32)?
4
Let a(w) = 11*w**3 - 71*w**2 - 40*w - 20. What is a(7)?
-6
Let k(g) = -52*g**2 - 2*g + 3. Give k(0).
3
Let i(y) = 2*y**3 - 9*y**2 - 2*y - 4. Give i(7).
227
Let t(g) = 12*g - 9. What is t(8)?
87
Let f(g) = 154*g + 9575. Determine f(-62).
27
Let p(s) = -s**3 + s**2 + 32*s + 3. What is p(0)?
3
Let h(q) = 2*q**2 + 16*q + 59. What is h(-3)?
29
Let h(a) = a**3 + 84*a**2 + 161*a - 293. Give h(-82).
-47
Let l(o) = -2*o**3 - 13*o**2 - 15*o - 150. What is l(-8)?
162
Let d(i) = 6846*i + 68448. What is d(-10)?
-12
Let j(n) = 65*n**2 - 908*n - 26. Give j(14).
2
Let o(c) = c**3 - 20*c**2 + 62*c + 108. Calculate o(15).
-87
Let k(z) = -7*z**2 - 94*z + 24. Calculate k(-14).
-32
Let w(b) = 33*b**2 + 93*b + 9. Determine w(-3).
27
Let o(z) = z**3 + 44*z**2 + 480*z + 13. Determine o(-19).
-82
Let i(v) = -308*v - 14774. What is i(-48)?
10
Let q(u) = 2*u**3 + 10*u**2 + 8*u + 22. Give q(-4).
22
Let x(a) = -21*a - 124. Give x(-5).
-19
Let l(a) = -a**3 - 84*a**2 + 262*a + 98. Give l(-87).
11
Let o(r) = r**2 - 36*r + 211. What is o(24)?
-77
Let t(m) = 19*m**2 - 1351*m + 146. Give t(71).
4
Let c(m) = -m**2 + 164*m - 6605. Give c(93).
-2
Let x(j) = -j**3 + 12*j**2 + 78*j - 266. Determine x(17).
-385
Let r(y) = y**3 + 25*y**2 + 31*y + 16. Determine r(-24).
-152
Let z(n) = -4*n**3 - n**2 + 3*n + 1. What is z(-2)?
23
Let w(d) = 251*d - 2529. Calculate w(10).
-19
Let j(q) = -2*q**2 + 27*q - 143. What is j(10)?
-73
Let l(q) = 20*q**2 - 7*q - 2. Calculate l(-1).
25
Let j(u) = -u**3 - 11*u**2 + 20*u - 44. Determine j(-13).
34
Let c(o) = -5*o**3 - 2*o**2 + o + 10. Determine c(4).
-338
Let h(r) = -353*r**2 - 1061*r - 9. Calculate h(-3).
-3
Let b(v) = 166*v - 960. Give b(6).
36
Let f(t) = -45*t + 20. Calculate f(3).
-115
Let m(s) = 2*s**3 - 99*s**2 + 47*s - 270. Calculate m(49).
-368
Let o(d) = -43*d + 480. Determine o(11).
7
Let v(x) = x**3 + 18*x**2 + 41*x - 212. Give v(-14).
-2
Let f(h) = -19*h + 49. What is f(-2)?
87
Let q(x) = -x**3 + 118*x**2 - 209*x - 2826. Calculate q(116).
-158
Let w(j) = -j**2 + 34*j + 477. Determine w(42).
141
Let f(j) = j**2 - 15*j - 124. Give f(19).
-48
Let s(t) = 530*t + 2646. What is s(-5)?
-4
Let d(t) = 28*t - 727. Calculate d(41).
421
Let a(x) = -56*x**2 - 506*x - 13. Determine a(-9).
5
Let g(a) = -a**2 - 999*a + 2003. Give g(2).
1
Let o(y) = -y**2 + 957*y + 17556. Calculate o(-18).
6
Let u(z) = 44*z + 74. What is u(-10)?
-366
Let k(g) = g**3 + 20*g**2 + 35*g - 53. Calculate k(-18).
-35
Let v(a) = -a**2 + 188*a - 5599. Give v(151).
-12
Let b(s) = -65*s**2 - 457*s - 19. Determine b(-7).
-5
Let i(j) = -j**3 - 35*j**2 - 146*j + 6. Determine i(-30).
-114
Let d(x) = -22*x + 1003. Calculate d(48).
-53
Let p(h) = -93*h - 749. What is p(-8)?
-5
Let y(l) = -4*l + 140. Calculate y(40).
-20
Let n(f) = 2*f**3 - 33*f**2 + 16*f - 28. Calculate n(16).
-28
Let x(h) = 6*h**2 + 12*h - 51. Calculate x(-8).
237
Let x(a) = 2*a**3 - 42*a**2 + 240*a - 191. What is x(11)?
29
Let u(w) = -3*w**2 - 120*w - 1187. Give u(-23).
-14
Let a(z) = 99*z + 565. What is a(-7)?
-128
Let x(v) = -65*v + 102. Give x(1).
37
Let w(y) = 44*y**2 - 488*y + 52. Calculate w(11).
8
Let q(m) = -6*m + 4. What is q(31)?
-182
Let 